ghest common factor of 671 and 528.
11
What is the greatest common divisor of 143 and 55?
11
Calculate the highest common divisor of 80 and 280.
40
What is the greatest common divisor of 448 and 56?
56
Calculate the highest common factor of 5 and 13.
1
Calculate the highest common divisor of 3184 and 597.
199
Calculate the greatest common factor of 603 and 134.
67
Calculate the highest common divisor of 112 and 2660.
28
What is the greatest common factor of 16 and 3880?
8
What is the highest common factor of 36 and 126?
18
Calculate the highest common divisor of 78 and 312.
78
What is the greatest common factor of 1372 and 6272?
196
What is the greatest common factor of 75 and 45?
15
Calculate the greatest common divisor of 185 and 148.
37
Calculate the highest common divisor of 54 and 24.
6
What is the highest common factor of 1066 and 832?
26
Calculate the greatest common divisor of 171 and 1653.
57
What is the highest common divisor of 6 and 7662?
6
What is the greatest common divisor of 195 and 78?
39
Calculate the greatest common factor of 737 and 1089.
11
What is the highest common factor of 104 and 3614?
26
Calculate the greatest common divisor of 45 and 165.
15
Calculate the greatest common factor of 363 and 605.
121
What is the greatest common factor of 372 and 4154?
62
What is the greatest common divisor of 34 and 6239?
17
Calculate the highest common divisor of 16 and 592.
16
What is the highest common factor of 3324 and 24?
12
What is the highest common factor of 488 and 61?
61
Calculate the greatest common divisor of 31 and 31.
31
What is the greatest common factor of 1001 and 77?
77
Calculate the greatest common factor of 440 and 2970.
110
What is the highest common divisor of 437 and 897?
23
What is the highest common divisor of 209 and 11?
11
What is the greatest common divisor of 253 and 598?
23
What is the greatest common factor of 322 and 4738?
46
Calculate the greatest common factor of 16 and 1294.
2
What is the highest common factor of 10 and 4210?
10
What is the highest common factor of 8194 and 17?
17
What is the highest common factor of 118 and 40?
2
What is the greatest common divisor of 150 and 25?
25
Calculate the greatest common divisor of 23 and 23.
23
What is the highest common factor of 1113 and 42?
21
What is the greatest common factor of 106 and 371?
53
Calculate the greatest common factor of 13 and 1573.
13
What is the greatest common divisor of 33 and 17886?
33
What is the highest common divisor of 171 and 817?
19
Calculate the highest common divisor of 80 and 38960.
80
Calculate the greatest common divisor of 210 and 150.
30
What is the greatest common factor of 11 and 64?
1
Calculate the highest common divisor of 59 and 472.
59
What is the highest common factor of 165 and 66?
33
What is the highest common factor of 21511 and 14?
7
What is the greatest common factor of 140 and 63?
7
What is the highest common factor of 105 and 135?
15
Calculate the greatest common divisor of 84 and 2919.
21
Calculate the highest common factor of 3336 and 16.
8
What is the greatest common factor of 8037 and 47?
47
What is the greatest common divisor of 4 and 166?
2
Calculate the greatest common divisor of 361 and 2983.
19
Calculate the highest common divisor of 1456 and 4784.
208
Calculate the highest common divisor of 1530 and 180.
90
Calculate the highest common factor of 32 and 24.
8
Calculate the greatest common factor of 209 and 38.
19
Calculate the highest common factor of 69 and 598.
23
What is the highest common divisor of 19 and 57?
19
What is the highest common factor of 24 and 768?
24
What is the greatest common divisor of 16435 and 95?
95
What is the greatest common divisor of 21 and 42?
21
Calculate the greatest common divisor of 3450 and 150.
150
Calculate the greatest common divisor of 3507 and 167.
167
Calculate the greatest common factor of 130 and 11960.
130
What is the highest common divisor of 402 and 26733?
201
What is the greatest common factor of 351 and 247?
13
Calculate the highest common factor of 80 and 64.
16
Calculate the greatest common factor of 17741 and 628.
157
Calculate the greatest common factor of 198 and 522.
18
What is the highest common factor of 28824 and 24?
24
Calculate the greatest common divisor of 78 and 2067.
39
What is the greatest common factor of 31 and 496?
31
Calculate the highest common factor of 23 and 12167.
23
Calculate the highest common factor of 15984 and 48.
48
What is the greatest common factor of 26 and 325?
13
What is the highest common divisor of 15 and 573?
3
Calculate the greatest common divisor of 13317 and 69.
69
Calculate the greatest common divisor of 1 and 524.
1
Calculate the greatest common factor of 30 and 100.
10
What is the highest common divisor of 55 and 11?
11
What is the greatest common divisor of 1767 and 38?
19
What is the highest common divisor of 7 and 3?
1
Calculate the highest common factor of 26 and 442.
26
What is the highest common divisor of 42 and 728?
14
Calculate the highest common factor of 26 and 689.
13
Calculate the greatest common divisor of 76 and 513.
19
What is the highest common divisor of 507 and 39?
39
Calculate the greatest common divisor of 16 and 5688.
8
Calculate the highest common factor of 8 and 376.
8
Calculate the highest common divisor of 10 and 121.
1
Calculate the greatest common divisor of 5 and 10.
5
What is the highest common divisor of 186 and 54?
6
Calculate the highest common factor of 117028 and 68.
68
What is the highest common factor of 99 and 81?
9
What is the highest common divisor of 1 and 1721?
1
Calculate the greatest common divisor of 72 and 342.
18
Calculate the highest common factor of 26 and 754.
26
What is the greatest common factor of 12350 and 100?
50
Calculate the highest common factor of 26 and 91.
13
What is the highest common divisor of 33 and 22638?
33
What is the greatest common divisor of 232 and 754?
58
Calculate the highest common factor of 31 and 12431.
31
What is the highest common factor of 43 and 731?
43
Calculate the greatest common divisor of 80 and 1520.
80
What is the greatest common divisor of 5890 and 2090?
190
What is the greatest common divisor of 232 and 66120?
232
What is the greatest common divisor of 1394 and 82?
82
What is the greatest common divisor of 28 and 217?
7
What is the greatest common divisor of 18 and 2712?
6
Calculate the greatest common divisor of 41 and 943.
41
Calculate the greatest common factor of 5470 and 10.
10
What is the greatest common divisor of 42 and 462?
42
Calculate the highest common divisor of 10317 and 228.
57
What is the highest common divisor of 39311 and 19?
19
What is the greatest common factor of 8 and 128?
8
What is the greatest common divisor of 1040 and 2132?
52
Calculate the greatest common factor of 980 and 126.
14
Calculate the highest common factor of 378 and 1386.
126
Calculate the greatest common divisor of 10 and 410.
10
Calculate the highest common factor of 25 and 1075.
25
What is the greatest common divisor of 592 and 740?
148
Calculate the greatest common factor of 10864 and 42.
14
Calculate the greatest common factor of 2727 and 513.
27
Calculate the greatest common factor of 72 and 1926.
18
What is the greatest common factor of 18733 and 143?
143
Calculate the greatest common factor of 10 and 530.
10
Calculate the highest common divisor of 27 and 81.
27
What is the greatest common factor of 10 and 730?
10
What is the greatest common factor of 1058 and 69?
23
Calculate the highest common divisor of 209 and 77.
11
Calculate the highest common factor of 6760 and 80.
40
Calculate the greatest common factor of 410 and 20.
10
Calculate the greatest common divisor of 52 and 182.
26
Calculate the highest common divisor of 522 and 630.
18
What is the highest common divisor of 12 and 36?
12
What is the greatest common factor of 44 and 1617?
11
What is the highest common divisor of 202 and 5353?
101
Calculate the greatest common divisor of 12 and 1086.
6
What is the greatest common factor of 5292 and 162?
54
What is the greatest common factor of 238 and 136?
34
What is the highest common divisor of 264 and 66?
66
Calculate the highest common factor of 8 and 5592.
8
Calculate the highest common factor of 4081 and 77.
77
Wha